 4*l. Let c(i) = i**3 - i**2 - 5*i + 3. Let p be c(3). Give k(p).
-12
Let a(j) be the third derivative of -j**4/24 + j**3/6 - 3*j**2. Suppose d - 5*d + 20 = 0, -4*b = 3*d - 15. Let m = b + -1. Determine a(m).
2
Suppose -5*i - 11 = 2*g - 3, -5*i = -4*g + 14. Let z(f) = 0*f**2 + f - 355 + 0*f**2 - 4*f**3 + 355. Calculate z(g).
-3
Let i(x) = 5*x**3 - x**2 - 1. Let t(z) = -6*z**3 + 2. Let c(r) = -5*i(r) - 4*t(r). Give c(5).
-3
Let x(i) = 2*i - 3. Let k = -12 - -7. Give x(k).
-13
Let a(i) = 4*i - 5*i - 2*i. Let m(t) = -t**3 - 17*t**2 - 16*t + 5. Let b be m(-16). Let p = b - 2. Determine a(p).
-9
Let x = 0 + 2. Let c(w) = 3*w + 0*w**2 + 0*w**x + 2*w - 5*w**2 + w**3. Determine c(4).
4
Suppose -4*j + 0 - 3 = -3*z, -3*j - z + 14 = 0. Let u(o) = -5*o**2 - o**j - 3 + 2*o**2 - o**2 - o**2. Calculate u(-5).
-3
Suppose 0 = -h - 0 + 3. Let u(k) = -k + 2. Calculate u(h).
-1
Let h(t) = 9 - 4*t + 3*t - 4. Give h(-6).
11
Let x(u) = 9*u**3 + 5*u**2 - 6*u + 1. Let j(q) = 8*q**3 + 4*q**2 - 5*q + 1. Let r(h) = 5*j(h) - 4*x(h). What is r(1)?
4
Let j(o) = -o**3 - 4*o**2 + 3*o - 4. Let d = -4 + 9. Suppose -d = q - 0*q, 3*q = -3*r - 30. What is j(r)?
6
Let d(z) be the first derivative of z**4/4 - 4*z**3/3 - 2*z**2 + 1. Calculate d(5).
5
Suppose 0 = 5*y - 8*y. Suppose 2 = -5*c + 4*o, 5*c - o + y = -8. Let z(t) = t**2 + 2*t + 2. Determine z(c).
2
Let l = 9 + -6. Suppose -q = -z + 2*q + 6, -2*z - l*q = -3. Let f(c) = c**2 - 2. Give f(z).
7
Let x(d) = -3*d**2 + 12*d + 5. Let v be x(4). Suppose -5*i = 2*g - 3*g - 15, 5*g = 2*i - 6. Let w(n) = -n - 1 + g + 2*n. Calculate w(v).
4
Let v(o) = o**3 - 4*o**2 - 8. Let d = 7 - 3. Let x(c) = -c**3 + 5*c**2 + 8. Let k(p) = d*v(p) + 3*x(p). Suppose 0 = -a + 5*a. Calculate k(a).
-8
Let s(k) = k - 8. Suppose 14 = 4*y - 2*y. Let n(r) = -2*r + 17. Let g(u) = y*s(u) + 4*n(u). Calculate g(5).
7
Suppose -76 + 73 = -c. Let n(x) be the third derivative of 1/30*x**6 + 0*x + 1/6*x**c + 0 + 1/24*x**4 + 1/60*x**5 + 4*x**2. Calculate n(-1).
-3
Let o(u) = -u + 1. Let c be (-1)/(-2 - 1 - -4). Let t be 1/c*(7 - 7). Calculate o(t).
1
Let p(o) be the third derivative of o**5/60 - o**4/6 - o**3/2 - 4*o**2. Let i be p(5). Let q(c) = -5 + 2*c**i + c + 1 - c**3 + c. Give q(3).
-7
Suppose 1 = 3*p - 5. Let c(i) = -i**2 + 6*i + p*i**2 - 4 - 2*i - i**3. Calculate c(3).
-10
Let p(l) = -l**3 - 6*l**2 + 7*l - 1. Let x(q) = -q**2 + q. Let i(f) = -p(f) + 5*x(f). Determine i(2).
9
Let p(s) be the first derivative of -s**3/3 - 5*s**2/2 - 5*s - 11. What is p(-4)?
-1
Let z = 1452 - 174239/120. Let i(s) be the third derivative of 0*s + z*s**6 - 1/6*s**3 + 0*s**4 + 0 - 1/12*s**5 + 2*s**2. Calculate i(5).
-1
Let t(q) be the first derivative of -q**2/2 + 2. Let m(h) = h**2 - 9*h - 2. Let z(f) = -m(f) + 4*t(f). Determine z(4).
6
Let n(d) = d**2 - d - 2. Suppose b - 40 = -36. What is n(b)?
10
Suppose 0 = 9*h - 4*h. Let i(x) = h*x**2 - 3*x - 5*x**2 + 6*x**2 - 2. Give i(4).
2
Suppose -12*a = -7*a - 10. Suppose -a*b = 4 + 8. Let k(x) be the second derivative of -x**5/20 - 5*x**4/12 + 5*x**3/6 - x**2 + x. What is k(b)?
4
Suppose 3*z = -5*q - 50, 3*q + 3*z = 4*q - 8. Let l = -8 - q. Let u(p) be the second derivative of 7*p**5/20 - p**4/12 - p**3/3 - p**2/2 - p. Determine u(l).
-7
Let v(m) be the third derivative of -1/2*m**3 + 0 + 4*m**2 + 0*m**5 + 1/12*m**4 + 0*m - 1/120*m**6. Calculate v(2).
-7
Let o(i) = -3*i + 1. Let l(m) = -m**2 - 10*m - 13. Let f be l(-9). What is o(f)?
13
Let u = 9 - 5. Let r(s) be the second derivative of -3/2*s**2 + 0 + 2/3*s**3 + 1/12*s**u - s. Determine r(-4).
-3
Let p(c) = -c**2 + 6*c - 6. Let d be 7 - (-2 + 2 + (-3)/(-1)). Give p(d).
2
Let s be (3/(-2))/(6/(-40)). Let z = s + -5. Let a(i) = i**3 - 5*i**2 - i + 1. Give a(z).
-4
Let p(n) be the second derivative of n**8/6720 + n**7/2520 - n**6/720 + n**5/120 - n**4/6 + 3*n. Let j(k) be the third derivative of p(k). Calculate j(0).
1
Let p(g) = 2*g**2 + 3*g**3 - 5*g - 2*g**3 - 4 + 0. Suppose 2*v = -2, 2*l + 0*v - 4*v + 36 = 0. Let u be 4/l - 28/10. Give p(u).
2
Let f(k) = -3*k + 3. Let z be f(5). Let u be -2*33/z*2. Suppose 2*b = 1 - u. Let l(d) = d**3 + 6*d**2 + 6*d + 7. Determine l(b).
2
Let i(x) = x + 7. Let w(g) = -2*g - 13. Let q(l) = -5*i(l) - 3*w(l). Determine q(-4).
0
Let q(n) = -n - 1. Suppose o - 4 = -0. Let b be q(o). Let h(y) = 3*y**2 + 23*y - 29*y - 3*y**2 - y**2 - 5. Give h(b).
0
Let l(o) be the second derivative of o**3/6 - 3*o**2/2 + 2*o. Give l(3).
0
Let q(p) = -4*p**2 - 5*p - 7. Let w(z) = 5*z**2 + 5*z + 9. Let a(o) = 4*q(o) + 3*w(o). What is a(-5)?
-1
Let u(j) = 4*j**3 + 2*j**2 - 11*j + 4. Let d(x) = -3*x**3 - 3*x**2 + 10*x - 3. Let b(c) = -5*d(c) - 4*u(c). Calculate b(6).
-1
Let d(j) = -17*j**3 + 3 + 4*j**3 + j**2 - 3*j + 10*j**3 + 2*j**3. Let a(c) = -c + 7. Let x be a(5). What is d(x)?
-7
Let f(m) = 2*m + 2. Suppose -59*v = -50*v - 27. What is f(v)?
8
Let t(v) be the first derivative of 4*v**2 + 6*v + 34. Give t(-4).
-26
Let w(u) = -u**2 - 5*u - 3. Let i be w(-3). Suppose y - 4 = -2. Let l be y + i/6*-2. Let f(g) = -6*g + 1. Give f(l).
-5
Let a(m) be the first derivative of m**3/3 - 3*m**2 + 6*m + 16. Calculate a(5).
1
Let f(k) = -2*k**2 + 3*k + 4. Let v = -2 + 15. Suppose 5*p = -4*a - v, 0 = -5*a - p - 4*p - 10. Calculate f(a).
-5
Let n(u) = u**2 - 5*u - 5. Let v be n(6). Let m(h) = v + 0 - 2 + 3 + 4*h. Suppose -f - 9 = 3*c, 3*c - 10 = -3*f - 25. Calculate m(c).
-6
Suppose 17*x - 10*x = 14. Let f(l) = l + 2. Determine f(x).
4
Suppose -2*w = b - 11, -w = -4*b - 0 + 8. Suppose 3*g + x = 13, -2*x - 27 = -5*g - x. Let c(d) = -d + g*d - 3*d - 2*d - 2. Give c(b).
-5
Let a(m) = m**3 - 11*m + 2*m**2 + 12*m + 3*m**2 + 1 - 2. Suppose 0 = 4*z - 4*w, -4*z - 4*w - 21 = -5. Let l be z/(-8) - 51/12. Determine a(l).
11
Suppose 0 = -2*h + n, 0*n - 2 = -4*h + n. Suppose 0 = -2*c + 11 - h. Let u(g) = -g**2 + 6*g - 2. Determine u(c).
3
Let t(y) = 0*y - y**2 + 3*y - y + 1. Let g be t(2). Let j(s) = s + 2 - 6*s**3 - s**3 + s**2 + 2*s**3 - 3. Calculate j(g).
-4
Let y(o) = -1 - 21*o**2 + 8*o - 2*o + 20*o**2. Calculate y(6).
-1
Let d(k) = k**3 - 4*k**2 + k - 4. Let g be d(4). Suppose i + 0 - 2 = 0. Let j(p) = -5 + 0*p**2 - p**3 + 0*p**2 + p**i. Calculate j(g).
-5
Let x(b) = -14*b**2 + b. Let k = -28 - -6. Let d = k - -21. What is x(d)?
-15
Let u(r) = -r**3 - 3*r**2 + 2*r + 5. Let t = 5 + -1. Let c be 2/((-1)/t*2). Let o(y) = y**3 + 3*y**2 - 3*y - 5. Let w(b) = c*u(b) - 5*o(b). What is w(-4)?
-7
Let i(m) = 2*m + 2. Let u be i(2). Let c = 2 - 4. Let r be (u - 0)*c/(-3). Let q(j) = -j**2 + 4*j - 6. Give q(r).
-6
Let x = 15 - 11. Suppose -8*h = -3*h - l - 30, 0 = -3*h - 5*l + 18. Let m(n) = 2*n**2 - 3*n**2 + 4 - h + 5*n. Determine m(x).
2
Suppose 3*v + 27 = -12. Let x = -8 - v. Let j(z) = z**2 + 2*z + x - 5*z - z. Give j(4).
5
Let a(p) = p**2 - 2*p - 1. Let d be (-15)/(-10) - 5/(-2). Suppose -d*g + 5 = 3*z, -3*g - 2*z + 10 = -z. Give a(g).
14
Let m(f) = -4*f**2 + 5*f**2 + f - 2 - 4*f. Calculate m(5).
8
Let q(g) = -2*g - 7. Suppose 0 = 2*s + 3*s + 35. Calculate q(s).
7
Suppose l - 6*l = -190. Suppose 2*v = -2*p - l, -v = -0*v + 5*p - 1. Let j be (8/v)/((-2)/(-18)). Let i(q) = q**2 + 4*q + 2. Determine i(j).
-1
Let o(i) = -i**3 - i**2 + i + 7. Suppose -5 = -4*a + 5*t + 15, -5*t = 4*a + 20. What is o(a)?
7
Let z(l) = l + 7. Let x be z(-4). Let y(r) = 9*r**3 + x*r**3 + 2 - 4*r**2 - 13*r**3. Suppose 0 = -0*a - 2*a - 4. What is y(a)?
-6
Let n(w) = 37*w**2 + 38*w**2 - 3*w - 76*w**2 - w - 3. Give n(-2).
1
Suppose 5*x + 22 = -d, -4*x + 4 = -2*d + 16. Let r(i) = 2 + 1 + 0*i + 3*i. Let a(n) = -n. Let f(q) = d*a(q) - r(q). Give f(3).
-6
Let z(j) = 2*j - 4. Let b(f) = f**2 + 0 + 5 - f - 5*f. Suppose 5*q - 32 = p, -3*q - p = -11 - 5. Let x be b(q). What is z(x)?
6
Suppose -2*a - 2*a + 4*g = 24, 5*a = -g - 42. Let v be a/(-6) + 6/9. Let o(i) = -2*i**2 + i + 2. Give o(v).
-4
Let s(d) = d**3 + 2*d**2 + 2*d - 2. Let t(b) = b**3 + b**2 - 2*b - 2. Let i be t(-2). Calculate s(i).
-6
Let v(p) = p**2 + 3*p - 2. Let g = -1 + 15. Let m = g + -18. What is v(m)?
2
Let w(y) = y. Let s be 2/(-7) - (-32)/14. Calculate w(s).
2
Let u(p) = -2*p - 2. Let j be (0 - (3 + -4)) + -3. What is u(j)?
2
Let g(u) = -4*u**3 - 3*u**2 + u + 1. Let z(m) = -3*m**3 - 3*m**2. Let k(o) = 4*g(o) - 5*z(o). Suppose -2*r - r = 6, -3*w + 8 = 2*r. Determine k(w).